{"id":192,"date":"2025-01-21T18:01:33","date_gmt":"2025-01-21T16:01:33","guid":{"rendered":"https:\/\/www.otavankivipaja.fi\/?page_id=192"},"modified":"2025-02-04T09:08:22","modified_gmt":"2025-02-04T07:08:22","slug":"yhteystiedot","status":"publish","type":"page","link":"https:\/\/www.otavankivipaja.fi\/index.php\/yhteystiedot\/","title":{"rendered":"..\/ yhteystiedot"},"content":{"rendered":"\n<p><strong>R\u00f6pp\u00e4\u00e4ntie 5 A, 50670 Otava<\/strong><br><\/p>\n\n\n\n<p><strong>info(at)otavankivipaja.fi<\/strong><\/p>\n\n\n\n<p><br>Jotta palvelumme pysyy selke\u00e4n\u00e4, k\u00e4yt\u00e4 t\u00e4t\u00e4 s\u00e4hk\u00f6postiosoitetta ilmoittautuaksesi j\u00e4rjestett\u00e4ville kursseillemme, tilatessasi tuotteita galleriastamme, tai sinulle yksil\u00f6ity\u00e4 tuotetta. Tai tilatessasi juuri sinun pienryhm\u00e4llesi yksil\u00f6ity\u00e4 kurssia.<\/p>\n\n\n\n<p>J\u00e4rjestestettaville kursseille tarvitsemme ilmoittautujan nimen ja yhteystiedot jotta voimme ilmoittaa, jos mahdollisia muutoksia ilmenee. Sama my\u00f6s yksil\u00f6idyiss\u00e4 kursseissa, sek\u00e4 tietysti ilmoittautujien m\u00e4\u00e4r\u00e4.<\/p>\n\n\n\n<p>Jos haluat tilata yksil\u00f6idyn korun, tai kurssin, ilmoita mahdollisimman tarkkaan toiveesi.  Tai galleriastamme tilatessasi mainitse tuotteen nimi tai kuvaus, niin voimme toimittaa sinulle haluamasi. Tuotteen nouto Kivipajalta, tai postitus normaalisti postin taksojen mukaan, seurantakoodilla hieman enemm\u00e4n.<br><br>Maksuna toimiii k\u00e4teinen, Mobilepay tai tilisiirto.<\/p>\n\n\n\n<p><br><br><strong>Kurssiohjaajat:<\/strong><\/p>\n\n\n\n<ul class=\"wp-block-list\">\n<li>Atte Taskila: <em>kivenhionta, jalometallit<\/em> (lis\u00e4tietoa kurssisis\u00e4ll\u00f6ist\u00e4: 045 1064800)<\/li>\n\n\n\n<li>Eija Riipinen: <em>kivenhionta, jalometallit<\/em> (lis\u00e4tietoa kurssisis\u00e4ll\u00f6ist\u00e4: 044 5827777)<\/li>\n\n\n\n<li>Anna Moring: <em>kivenhionta, jalometallit<\/em><\/li>\n\n\n\n<li>Jukka Pesonen: <em>kivenhionta<\/em> (lis\u00e4tietoa kurssisis\u00e4ll\u00f6ist\u00e4: 040 7584899)<\/li>\n\n\n\n<li>Nina Kaartinen: <em>kivenhionta<\/em><\/li>\n<\/ul>\n\n\n\n<p><strong>Otavan Kivipaja sosiaalisesa mediassa:<\/strong><br><br><a href=\"https:\/\/www.facebook.com\/groups\/442434939179994\" target=\"_blank\" rel=\"noreferrer noopener\">Facebook<\/a><br><a href=\"https:\/\/www.instagram.com\/otavankivipaja\/\" target=\"_blank\" rel=\"noreferrer noopener\">Instagram<\/a><\/p>\n","protected":false},"excerpt":{"rendered":"<p>R\u00f6pp\u00e4\u00e4ntie 5 A, 50670 Otava info(at)otavankivipaja.fi Jotta palvelumme pysyy selke\u00e4n\u00e4, k\u00e4yt\u00e4 t\u00e4t\u00e4 s\u00e4hk\u00f6postiosoitetta ilmoittautuaksesi j\u00e4rjestett\u00e4ville kursseillemme, tilatessasi tuotteita galleriastamme, tai sinulle yksil\u00f6ity\u00e4 tuotetta. Tai tilatessasi juuri sinun pienryhm\u00e4llesi yksil\u00f6ity\u00e4 kurssia. J\u00e4rjestestettaville kursseille tarvitsemme ilmoittautujan nimen ja yhteystiedot jotta voimme ilmoittaa, jos mahdollisia muutoksia ilmenee. Sama my\u00f6s yksil\u00f6idyiss\u00e4 kursseissa, sek\u00e4 tietysti ilmoittautujien m\u00e4\u00e4r\u00e4. Jos haluat tilata [&hellip;]<\/p>\n","protected":false},"author":1,"featured_media":0,"parent":0,"menu_order":0,"comment_status":"closed","ping_status":"closed","template":"","meta":{"footnotes":""},"class_list":["post-192","page","type-page","status-publish","hentry"],"_links":{"self":[{"href":"https:\/\/www.otavankivipaja.fi\/index.php\/wp-json\/wp\/v2\/pages\/192","targetHints":{"allow":["GET"]}}],"collection":[{"href":"https:\/\/www.otavankivipaja.fi\/index.php\/wp-json\/wp\/v2\/pages"}],"about":[{"href":"https:\/\/www.otavankivipaja.fi\/index.php\/wp-json\/wp\/v2\/types\/page"}],"author":[{"embeddable":true,"href":"https:\/\/www.otavankivipaja.fi\/index.php\/wp-json\/wp\/v2\/users\/1"}],"replies":[{"embeddable":true,"href":"https:\/\/www.otavankivipaja.fi\/index.php\/wp-json\/wp\/v2\/comments?post=192"}],"version-history":[{"count":12,"href":"https:\/\/www.otavankivipaja.fi\/index.php\/wp-json\/wp\/v2\/pages\/192\/revisions"}],"predecessor-version":[{"id":687,"href":"https:\/\/www.otavankivipaja.fi\/index.php\/wp-json\/wp\/v2\/pages\/192\/revisions\/687"}],"wp:attachment":[{"href":"https:\/\/www.otavankivipaja.fi\/index.php\/wp-json\/wp\/v2\/media?parent=192"}],"curies":[{"name":"wp","href":"https:\/\/api.w.org\/{rel}","templated":true}]}}